*3 + 14*q**2 + 7*q - 11. Let v(g) = -2*h(g) - 11*s(g). What is v(-11)?
5
Let r(j) be the first derivative of -j**4/4 - 7*j**3/3 - 3*j**2/2 + 4*j - 7. Suppose 16 - 22 = s. Give r(s).
-14
Let l(q) = -2*q + 3*q - 13 - 4*q**2 + 18 + 7*q**3 - 8*q**3. Let y = 12 - 16. Calculate l(y).
1
Let g(i) be the second derivative of i**4/12 - i**2/2 - i. Let k be (-3)/2*2 + 49. Let o = k - 44. Calculate g(o).
3
Suppose a = -2*z + 3, 0 = -5*a - 3*z - 10 - 3. Let g(v) = v**2 + 2*v - 7. Give g(a).
8
Let j = -19 + 9. Let o(z) = 5*z**2 + 5*z - 26. Let p(a) = -19*a**2 - 21*a + 100. Let n(s) = 15*o(s) + 4*p(s). Determine n(j).
0
Suppose 18*i - 23*i + 15 = 0. Suppose -4*n + 21 = i*n. Let x(c) = -c + 6. What is x(n)?
3
Suppose -3*z + 4 = -z. Let a(b) = -b**z - 5 + 0 + 9 - b + 7. Let m be 2/7 + (-8)/28. Determine a(m).
11
Let o(q) = q**3 + 3*q**2 - 6*q - 3. Suppose -10*d = -11*d - 5. Let s = d + 8. Let g be s/(-3 - -4) - 7. Give o(g).
5
Suppose 3*r - 10 + 1 = 0. Let d(x) = -9 - r*x + 13 - 7 + x**2. Let z be d(3). Let f(a) = 3*a + 4. Give f(z).
-5
Let m = -786 + 788. Let v(k) = k**3 + k**2 + 2 - 2*k**3 + 0. What is v(m)?
-2
Let a(b) be the second derivative of -1/2*b**3 - 7/2*b**2 + 0 - 10*b. What is a(-6)?
11
Suppose 1231*v - 1226*v = -20. Let u(i) = -i**3 - 5*i**2 - 2*i - 2. Determine u(v).
-10
Let i(f) = -f**3 - 3*f**2 - 7. Let l(o) = 35*o - 145. Let h be l(4). Determine i(h).
43
Let w(c) be the second derivative of -1/20*c**5 + 2*c**2 - 3*c - 1/12*c**4 + 0 + 1/6*c**3. Determine w(0).
4
Let m(y) be the first derivative of 1/2*y**2 - y + 4. Let d be (-1 - -6)*18/15. Give m(d).
5
Let m = 2746 - 2751. Let h(u) = -u**2 - 8*u + 6. What is h(m)?
21
Let f(g) be the third derivative of -1/24*g**4 + 0 - 1/3*g**3 + 0*g - 3*g**2. Let r be (-1*2)/((-4)/(-6)). Give f(r).
1
Let u(c) = -2*c + 28. Let g = -379 - -390. What is u(g)?
6
Let d = 211/82 + -3/41. Let i(j) be the second derivative of d*j**2 + 0 - 10*j + 1/6*j**3. Give i(-4).
1
Let m(n) = -5*n + 54. Let o(j) = 2*j - 55. Let z(f) = 2*m(f) + 3*o(f). What is z(-15)?
3
Let h(j) = -45 + j + j**2 + 37 + 8. Suppose 5*g = -2 - 13. What is h(g)?
6
Suppose 0 = 259*i - 250*i - 54. Let v(r) = r**3 - 5*r**2 - 6*r + 1. Calculate v(i).
1
Suppose 11 = h - 2*u, -4*u = h - 4*h + 27. Suppose 5*i = -3*b - 12 - h, 2*i + 4*b + 4 = 0. Let k(p) = p**3 + 4*p**2 - 2*p - 3. Give k(i).
5
Let n(c) = -10 - 3 - c**2 + 11. What is n(0)?
-2
Suppose k = -3*t + 17, 9*k - 14*k + 69 = -t. Let o(q) = -q + 31. Give o(k).
17
Let s = -45 + 47. Suppose -4*f + 7*f = 1092. Let d(r) = 364*r - 1 + s*r**2 - f*r. What is d(-1)?
1
Let w = 520 + -536. Let y(r) = r**3 + 15*r**2 - 16*r - 1. Determine y(w).
-1
Let w(x) = x**3 - 5*x**2 + 4*x + 1. Let j(i) = -i**3 - 22*i**2 - 18*i + 29. Let t be j(-21). Let n be (-98)/t + (-34)/(-289). Give w(n).
-5
Let b(o) be the third derivative of -o**6/8 - o**5/60 + o**4/24 - 62*o**2. Give b(1).
-15
Let o(z) = -z**2 + 9*z - 12. Let q be o(8). Suppose 4*v - 16 = -p, -2 = -5*v - 3*p + 18. Let r(g) = 67 + v*g - 4*g**3 + 3*g**3 - 3*g**2 - 67. What is r(q)?
0
Let v(p) be the second derivative of p**3/6 - 13*p**2/2 - 2*p + 4. Calculate v(14).
1
Suppose 7*y - 3*y = 20. Suppose 3*t + 4*d = -y, 2*t + 5*d + 10 = -t. Let w(p) be the first derivative of -p**4/4 + 4*p**3/3 + 3*p**2 - 7*p - 1. Determine w(t).
-2
Suppose 3*j - 48 = -9*j. Let n(l) be the third derivative of 4*l**2 + 0 + 0*l + 1/15*l**5 + 0*l**j - 1/120*l**6 + 5/6*l**3. Give n(4).
5
Let z(b) be the second derivative of -b**4/6 + b**3/6 + 3*b**2/2 - 41*b - 6. Give z(4).
-25
Let b(v) = 69 - 28 - v**2 - 21 + v - 21. Determine b(-2).
-7
Let n = 0 - 0. Let y = -2 - n. Let o = -3 + y. Let v(j) = -j - 1. Calculate v(o).
4
Suppose 18*v + 27 = 9*v. Let p(g) = -11*g - 1. Give p(v).
32
Let x(f) = f**3 - 28*f**2 + 22*f + 9. Let k be x(27). Let q be 6/14 - 198/k. Let p(l) = -l**3 + l - 1. Give p(q).
-7
Let g(a) = -a**3 + a + 3. Let h be g(0). Suppose 0 = -f - 3*b + 12, 3*f + 2*b - h = 5. Let p(r) = r**3 + r**2 - r + 6. Determine p(f).
6
Let r(n) be the third derivative of 0 + 0*n - 29*n**2 + 1/24*n**4 - 1/2*n**3. Give r(4).
1
Let o be 23/(-2) + (-4)/8. Let f(a) = a**2 - 4*a**2 - 11*a + 2*a**2 + 15. Calculate f(o).
3
Let p(v) = -v**3 + 6*v**2 - 6*v + 6. Let o(q) = 6*q**2 - 2*q. Suppose 0 = 2*t - 154 + 152. Let k be o(t). Give p(k).
14
Let s(m) = -10*m + 24. Let x(n) = -3*n + 8. Let y(j) = s(j) - 3*x(j). Let a be 0/4*2/4. Give y(a).
0
Suppose 3 + 3 = -3*g, -4*y + 5*g = 18. Let i(o) = -o**3 - 8*o**2 - 7*o + 2. Let m be i(y). Let d(u) = u**2 + 4*u**m - 4*u**3 - 4*u**2. Determine d(-1).
5
Let k(w) = -73*w - 14. Let l(f) = 26*f + 5. Let q(r) = -4*k(r) - 11*l(r). What is q(4)?
25
Let m = -4 + 7. Let v(s) = -3*s**3 - 2*s**2 + 5*s - 5. Let p(h) = -7*h**3 - 6*h**2 + 11*h - 12. Let g(x) = 2*p(x) - 5*v(x). Calculate g(m).
1
Let c be ((-3)/(-6)*0)/1. Let p(f) = -2*f + c*f**2 + 4 - 7 - 3*f - f**2. Let n be 1/(-7) + 6/((-126)/123). What is p(n)?
-9
Let c(q) = 6 - 4 + 7 + q + 9 - 4. Calculate c(-10).
4
Let t(x) = 5*x + 6 + 0*x**2 + 0*x + x**2 + 3*x. Determine t(-4).
-10
Let j(t) = 11*t**3 - t**2 - 36*t - 21. Let n(s) = 5*s**3 - 17*s - 10. Let m(c) = -6*j(c) + 13*n(c). Determine m(5).
-4
Let a(l) be the first derivative of -2*l**3/3 + 7*l**2/2 - 4*l + 2. Suppose 2*n - 7*n + 25 = 0. Suppose -2*f + 8 = 3*p, n*f = -4*p - 4 + 24. Give a(f).
-8
Let t(f) = 5 - f + 2 + f**3 - 11 + 2*f**2 + f**3. Determine t(-2).
-10
Let r(n) be the first derivative of -n**2/2 + 3*n + 2140. Let y be (7/4)/((-2)/8). What is r(y)?
10
Let h(z) = 14*z - 15. Let w be h(6). Suppose 3*j + 0*g = -4*g + 53, -5*j + 3*g = -w. Let v be 3*((-25)/j - -3). Let q(m) = -m + 1. Calculate q(v).
-3
Let b(i) = -10*i**3 - 4239 + 2*i**2 - i + 4239. Determine b(1).
-9
Let s(j) be the first derivative of -j**3/3 + 5*j + 194. Calculate s(0).
5
Let m = -54 + 56. Let o(t) = -3 - m + 5*t + 5*t**2 + 4*t**3 + 3*t - 5*t**3. Let k(q) = 3*q**2 - 2*q - 2. Let y be k(2). Calculate o(y).
7
Let k(o) = -o**2 - 13*o + 5. Suppose -2*s - j = 24, 5*s = 4*j - 38 - 9. What is k(s)?
27
Let h(f) = -6. Let j(q) = -q + 6. Let s(t) = 3*h(t) + 4*j(t). Suppose 13*b - 8*b - 41 = -4*w, -3*w = 3*b - 27. What is s(w)?
-10
Suppose -24 = -4*z - 4*z. Suppose -2*g = -5*q - 22, 2*g = q + z + 3. Let t(u) = -4*u**2 + 2*u - 1. What is t(g)?
-3
Suppose -44 + 36 = -2*i. Let f be (44/(-55))/(i/10). Let a(g) = 3*g + 2. Determine a(f).
-4
Let n(a) be the third derivative of a**6/120 - a**5/4 + 13*a**4/24 + 7*a**3/3 - 185*a**2 - 1. Give n(14).
0
Let c(t) be the first derivative of t**5/20 - 5*t**4/12 - t**3/6 - t**2 - 13*t - 5. Let a(i) be the first derivative of c(i). Give a(5).
-7
Let h(n) = -3*n**2 + n - 1. Let t(a) = 10*a**2 + 4*a + 9. Let y(x) = 3*h(x) + t(x). Determine y(-5).
-4
Let q = 36 + -46. Let w be (-6)/4*(-6 - q). Let v(m) be the third derivative of m**6/120 + m**5/12 - m**4/3 - 5*m**3/6 - 10*m**2. Give v(w).
7
Let i(m) = m**2 + 6*m - 6. Suppose -r + 4 = -3*r. Let s be ((-140)/8)/7*r. Suppose -2*n + s*z - 4*z - 6 = 0, 3*n - 3*z + 3 = 0. Give i(n).
-11
Let v(z) be the first derivative of -z**2 - 2*z - 1. Let q(l) be the third derivative of l**5/15 - 29*l**4/24 + l**3/2 + 22*l**2. Let j be q(7). What is v(j)?
6
Suppose -95 - 93 = 4*c. Let d = -42 - c. Let z(k) = -5*k + k**3 + 6*k**2 + 4*k**3 - 6*k**3 + 3. Determine z(d).
3
Let k(s) be the third derivative of -s**4/24 + 4*s**3/3 + 249*s**2. What is k(0)?
8
Let b(y) = 4*y**3 + 6*y**2 + 8*y + 21. Let c(m) = -3*m**3 - 6*m**2 - 7*m - 15. Let z(d) = -2*b(d) - 3*c(d). What is z(-3)?
15
Let y(h) be the first derivative of 3*h**2/2 - 19*h - 258. Determine y(5).
-4
Suppose -2*n - 2*n - 3 = -5*o, 2*o + 31 = -3*n. Let r(l) = 58*l + 32. Let g(i) = 21*i + 11. Let z(b) = -11*g(b) + 4*r(b). Give z(n).
0
Let z(k) = k**3 - 20. Let g = 533 + -533. Give z(g).
-20
Suppose 7*j - 12*j - 10 = 0. Let a(z) = 3*z**2 + 11*z + 10. Let t(o) = 7*o**2 + 23*o + 20. Let i(q) = j*t(q) + 5*a(q). What is i(-7)?
-4
Suppose -4*w + 5*g - 23 = -7, 0 = 5*w - 4*g + 20. Let f(q) = -q - 15. What is f(w)?
-11
Let d(w) = -2*w - 26. Suppose 550*s = 565*s + 150. Determine d(s).
-6
Let s(t) be the first derivative of t**3 + 3*t**2/2 - 3*t + 145. Determine s(-3).
15
Let m(a) = a - 2. Let o be 14/4*2/(-1). Determine m(o).
-9
Let v(m) = -m**3 + 5*m**2 + 3*m + 2. Let z(h) = 2*h**2 + 18*h - 15. Let o